n 19280 is divided by 3702?
770
Calculate the remainder when 19906769 is divided by 94794.
29
What is the remainder when 802590 is divided by 5693?
5570
Calculate the remainder when 1038084 is divided by 9106.
0
Calculate the remainder when 15382014 is divided by 854555.
24
What is the remainder when 1745815 is divided by 8274?
1
What is the remainder when 11569286 is divided by 642736?
38
What is the remainder when 3424394 is divided by 4171?
3
What is the remainder when 8957753 is divided by 5160?
5153
Calculate the remainder when 615075 is divided by 295.
0
What is the remainder when 23317 is divided by 7433?
1018
What is the remainder when 581104 is divided by 276?
124
What is the remainder when 22793 is divided by 146?
17
What is the remainder when 141980 is divided by 16899?
6788
Calculate the remainder when 13151 is divided by 10637.
2514
What is the remainder when 483912 is divided by 241873?
166
Calculate the remainder when 5488377 is divided by 958.
953
What is the remainder when 421589 is divided by 1054?
1043
Calculate the remainder when 47678 is divided by 166.
36
Calculate the remainder when 418561 is divided by 105.
31
Calculate the remainder when 5079832 is divided by 3.
1
What is the remainder when 128158910 is divided by 1568?
1566
Calculate the remainder when 13768678 is divided by 537.
535
What is the remainder when 8179602 is divided by 1457?
4
Calculate the remainder when 211422 is divided by 3914.
66
Calculate the remainder when 1620710 is divided by 810338.
34
What is the remainder when 11757094 is divided by 72?
70
Calculate the remainder when 1142803 is divided by 70.
53
Calculate the remainder when 528499 is divided by 735.
34
Calculate the remainder when 12513749 is divided by 4837.
430
Calculate the remainder when 2204797 is divided by 4.
1
Calculate the remainder when 8618650 is divided by 1186.
1174
What is the remainder when 3960831 is divided by 1116?
147
Calculate the remainder when 629412 is divided by 21.
0
What is the remainder when 18926656 is divided by 206?
200
Calculate the remainder when 85590885 is divided by 128.
101
What is the remainder when 2671895326 is divided by 2470?
2466
Calculate the remainder when 102168487 is divided by 316.
315
What is the remainder when 10169189 is divided by 927?
926
Calculate the remainder when 4193760 is divided by 29955.
60
Calculate the remainder when 1473909 is divided by 736942.
25
Calculate the remainder when 11708 is divided by 2823.
416
What is the remainder when 53562 is divided by 53488?
74
What is the remainder when 1720345 is divided by 2024?
1969
What is the remainder when 906314 is divided by 1031?
65
Calculate the remainder when 196797 is divided by 210.
27
What is the remainder when 248204734 is divided by 2262?
2260
Calculate the remainder when 547236 is divided by 1990.
1976
What is the remainder when 12607799 is divided by 969816?
191
What is the remainder when 560887 is divided by 459?
448
What is the remainder when 213174 is divided by 71056?
6
What is the remainder when 2451916 is divided by 434?
250
What is the remainder when 127722 is divided by 3216?
2298
Calculate the remainder when 30832278 is divided by 365.
363
Calculate the remainder when 26412845 is divided by 4276.
4269
Calculate the remainder when 1321 is divided by 1296.
25
What is the remainder when 1588253 is divided by 287?
282
Calculate the remainder when 20824918 is divided by 11989.
25
What is the remainder when 2777735 is divided by 1047?
44
Calculate the remainder when 9663 is divided by 1460.
903
What is the remainder when 5907 is divided by 2831?
245
Calculate the remainder when 1707405 is divided by 194.
11
What is the remainder when 1019210 is divided by 20797?
157
Calculate the remainder when 321850 is divided by 139.
65
Calculate the remainder when 17241006 is divided by 783673.
200
What is the remainder when 11197829 is divided by 4292?
1
What is the remainder when 20297 is divided by 9840?
617
What is the remainder when 1498346 is divided by 249487?
1424
What is the remainder when 547607 is divided by 163?
90
Calculate the remainder when 1687747172 is divided by 157.
155
What is the remainder when 376630 is divided by 37656?
70
Calculate the remainder when 3642417 is divided by 13.
12
What is the remainder when 1699944 is divided by 1001?
246
What is the remainder when 90663 is divided by 63?
6
Calculate the remainder when 2514568 is divided by 279394.
22
Calculate the remainder when 1837341 is divided by 2394.
1143
What is the remainder when 32365575 is divided by 1405?
1400
Calculate the remainder when 3550965 is divided by 894.
891
Calculate the remainder when 680366 is divided by 1134.
1100
What is the remainder when 97603 is divided by 5741?
6
What is the remainder when 1783838 is divided by 98?
42
What is the remainder when 89596 is divided by 149?
47
Calculate the remainder when 2979139 is divided by 1227.
1210
What is the remainder when 599052 is divided by 373?
14
Calculate the remainder when 535504 is divided by 41177.
203
Calculate the remainder when 9075477 is divided by 4101.
4065
What is the remainder when 105660972 is divided by 236?
232
What is the remainder when 6476492 is divided by 17504?
12
Calculate the remainder when 258925 is divided by 10350.
175
Calculate the remainder when 2450141 is divided by 1313.
83
Calculate the remainder when 1453940 is divided by 2025.
2015
What is the remainder when 3683757 is divided by 328?
317
What is the remainder when 25232706 is divided by 97?
96
Calculate the remainder when 23750 is divided by 699.
683
Calculate the remainder when 11764641 is divided by 245.
231
What is the remainder when 1234266 is divided by 617080?
106
What is the remainder when 137369031 is divided by 6748?
6743
Calculate the remainder when 2731442 is divided by 53.
34
Calculate the remainder when 239776 is divided by 109.
85
Calculate the remainder when 1780751 is divided by 83.
69
Calculate the remainder when 562662 is divided by 422.
136
Calculate the remainder when 13984342 is divided by 6992124.
94
Calculate the remainder when 95263783 is divided by 62.
39
What is the remainder when 1209479 is divided by 40?
39
What is the remainder when 1548503 is divided by 1548487?
16
Calculate the remainder when 33556424 is divided by 11185473.
5
What is the remainder when 37916704 is divided by 1648552?
8
What is the remainder when 15692815 is divided by 3540?
3535
Calculate the remainder when 2545 is divided by 27.
7
What is the remainder when 773667 is divided by 82?
79
What is the remainder when 10651625 is divided by 10651387?
238
Calculate the remainder when 2819029 is divided by 247.
18
What is the remainder when 9761855 is divided by 3253922?
89
Calculate the remainder when 130706 is divided by 5731.
4624
Calculate the remainder when 39632349 is divided by 205.
109
Calculate the remainder when 677456 is divided by 338716.
24
Calculate the remainder when 30572 is divided by 8943.
3743
Calculate the remainder when 16564641 is divided by 8282289.
63
Calculate the remainder when 7039610 is divided by 494.
110
Calculate the remainder when 2197231 is divided by 68.
15
What is the remainder when 214448 is divided by 214197?
251
Calculate the remainder when 1895578 is divided by 16064.
26
Calculate the remainder when 446322 is divided by 89012.
1262
What is the remainder when 1886671 is divided by 5549?
11
Calculate the remainder when 367486 is divided by 1056.
1054
What is the remainder when 257634 is divided by 2602?
36
What is the remainder when 5672810 is divided by 1418105?
390
What is the remainder when 2121702 is divided by 5088?
6
Calculate the remainder when 24300346 is divided by 27.
22
Calculate the remainder when 94754109 is divided by 258.
255
Calculate the remainder when 658739 is divided by 18405.
14564
Calculate the remainder when 1607586 is divided by 146143.
13
Calculate the remainder when 24786479 is divided by 3715.
3714
Calculate the remainder when 9256035 is divided by 2107.
2091
What is the remainder when 19841056 is divided by 860?
856
Calculate the remainder when 59329 is divided by 19533.
730
What is the remainder when 5672502 is divided by 1418101?
98
What is the remainder when 106236942 is divided by 1065?
1062
What i